posite?
False
Is 1256238197 prime?
False
Is 816043961 a composite number?
True
Is 614970583 a prime number?
True
Is 5311684297 a composite number?
False
Is 614058827 a composite number?
False
Is 729569761 a prime number?
False
Is 11356517135 prime?
False
Is 4036666567 prime?
False
Is 3855860083 a composite number?
True
Is 14206736729 a composite number?
False
Is 2541418447 a composite number?
False
Is 3046880173 a composite number?
True
Is 45710430383 a composite number?
True
Is 162651901 composite?
False
Is 166240264903 a prime number?
True
Is 22470006521 prime?
True
Is 1613286021 prime?
False
Is 43075063 prime?
False
Is 4309516999 a prime number?
False
Is 2130749027 a prime number?
False
Is 2847790787 composite?
False
Is 23492629019 a prime number?
False
Is 139559515855 prime?
False
Is 4480325167 a composite number?
True
Is 12335502787 composite?
True
Is 1099195897 prime?
False
Is 195898968271 prime?
True
Is 5402338847 a composite number?
False
Is 2100702107 prime?
False
Is 13912442519 prime?
False
Is 362329969 composite?
True
Is 2281927819 a prime number?
False
Is 18822135877 prime?
False
Is 83442209 composite?
False
Is 116955679 a composite number?
False
Is 5676739429 composite?
True
Is 4352200291 a prime number?
True
Is 162346567 a prime number?
True
Is 35907427051 a composite number?
False
Is 320297843 prime?
False
Is 288311579 composite?
False
Is 6371501203 a prime number?
True
Is 2314920479 composite?
True
Is 678089369 a composite number?
True
Is 26306349631 composite?
False
Is 10103299943 a prime number?
False
Is 24564695033 prime?
True
Is 1084384367 composite?
True
Is 1492580737 prime?
False
Is 253674079 a prime number?
True
Is 5450870437 prime?
True
Is 673517161 composite?
False
Is 3807341537 composite?
True
Is 12176869073 prime?
False
Is 35673459221 composite?
False
Is 3644467049 a composite number?
False
Is 945228371 a composite number?
False
Is 48655291 a prime number?
False
Is 5376139829 prime?
False
Is 34413488321 prime?
True
Is 121536564063 a composite number?
True
Is 39746995667 prime?
True
Is 24894088111 a composite number?
True
Is 19270667333 a composite number?
False
Is 900254213 a composite number?
True
Is 20814720649 a composite number?
True
Is 94829357269 prime?
False
Is 719007851 a prime number?
True
Is 236782387 composite?
False
Is 10364251319 a composite number?
True
Is 3752672959 a composite number?
True
Is 107331649 composite?
True
Is 20144042707 a composite number?
True
Is 45303171257 a composite number?
False
Is 3597026809 a prime number?
True
Is 7649290553 a prime number?
True
Is 83510273269 prime?
False
Is 552523981 a composite number?
False
Is 168270689 prime?
True
Is 4577656973 composite?
False
Is 684235187 a prime number?
False
Is 3135011981 prime?
True
Is 13940236549 composite?
True
Is 757535811 a prime number?
False
Is 2593604033 a prime number?
False
Is 37322942803 a composite number?
False
Is 22258275709 composite?
False
Is 67439374417 composite?
True
Is 1189443799 a prime number?
True
Is 4602098209 composite?
False
Is 3377633137 a composite number?
True
Is 8819544919 composite?
True
Is 321147677 a composite number?
False
Is 714156437 prime?
True
Is 7901119241 a prime number?
True
Is 1038766973 prime?
True
Is 18409164701 prime?
True
Is 70838450503 prime?
False
Is 47392005389 composite?
False
Is 173753159 a composite number?
False
Is 142462729969 prime?
False
Is 2547005801 a composite number?
False
Is 11928507259 a prime number?
True
Is 850494559 a prime number?
False
Is 3626613253 a composite number?
True
Is 10452637609 a composite number?
False
Is 110353917 a prime number?
False
Is 346437673 composite?
True
Is 570440109 a prime number?
False
Is 439900399 a composite number?
True
Is 1351013143 prime?
False
Is 17315571641 a composite number?
True
Is 909346567 composite?
True
Is 34065385313 a composite number?
True
Is 41705571769 composite?
False
Is 156259063 prime?
True
Is 338932661 a prime number?
True
Is 7768897529 prime?
False
Is 4113071467 a composite number?
False
Is 42177499997 a composite number?
False
Is 747786101 prime?
True
Is 8751363391 a composite number?
False
Is 28609962929 a composite number?
False
Is 1091355731 a composite number?
False
Is 28180059497 a prime number?
True
Is 13464540451 a prime number?
True
Is 25139244161 a prime number?
True
Is 233611571 prime?
True
Is 46082150195 composite?
True
Is 1069574491 prime?
False
Is 1908573031 a composite number?
True
Is 8816495881 prime?
False
Is 20437527971 a composite number?
True
Is 956833897 a prime number?
True
Is 1610467277 a prime number?
False
Is 322098001 composite?
False
Is 7822532261 composite?
False
Is 17290270927 prime?
True
Is 23336576239 prime?
True
Is 10946368933 a prime number?
False
Is 3211364251 prime?
True
Is 227155586231 prime?
False
Is 1195670917 a composite number?
True
Is 1466817923 a composite number?
False
Is 7228672643 a prime number?
True
Is 3867634777 a prime number?
True
Is 1004976065 a prime number?
False
Is 208308433 prime?
False
Is 4473379277 composite?
False
Is 6832614559 a prime number?
False
Is 5200155193 a prime number?
True
Is 3081416341 a prime number?
True
Is 1471107662 a composite number?
True
Is 78024581 composite?
True
Is 478961827 prime?
True
Is 6131283649 a prime number?
False
Is 1053913093 a prime number?
True
Is 829266847 a prime number?
True
Is 3487093277 composite?
False
Is 623478827 a prime number?
True
Is 58891506209 prime?
True
Is 35573513309 prime?
True
Is 7096799767 a composite number?
False
Is 213640519 a composite number?
False
Is 15986774977 a composite number?
False
Is 102117523 composite?
True
Is 1057647131 a composite number?
False
Is 1117003443 a composite number?
True
Is 3797240069 a composite number?
True
Is 312164473 a composite number?
False
Is 2241855751 composite?
False
Is 4189451885 a composite number?
True
Is 133717020491 a composite number?
False
Is 90391205483 prime?
False
Is 90620490529 composite?
True
Is 3862544117 composite?
True
Is 26994952597 a prime number?
True
Is 17558878717 a composite number?
False
Is 517992107 prime?
False
Is 64624494641 a prime number?
False
Is 8667497687 a composite number?
False
Is 509860061 composite?
True
Is 202448621 a prime number?
False
Is 1136628391 a composite number?
True
Is 12727497451 a prime number?
True
Is 11018224751 composite?
False
Is 49641169 prime?
True
Is 6670171679 a prime number?
False
Is 2695986187 prime?
True
Is 2911650737 composite?
True
Is 1419458923 composite?
False
Is 3659669077 a prime number?
True
Is 213127907 a prime number?
False
Is 38923492277 a composite number?
False
Is 53061293 a prime number?
False
Is 7182835499 a composite number?
True
Is 4424954753 a composite number?
False
Is 4201190989 composite?
False
Is 12628008121 prime?
False
Is 130005268037 composite?
True
Is 311167379 a composite number?
False
Is 1779867073 composite?
True
Is 40760677613 a prime number?
True
Is 20247236941 composite?
False
Is 42045877 a composite number?
False
Is 18642010129 composite?
True
Is 508776479 prime?
True
Is 780422267 a prime number?
True
Is 1891848701 composite?
False
Is 272811761 prime?
True
Is 1157672389 composite?
True
Is 1842405343 a prime number?
False
Is 2900005211 composite?
False
Is 23267122583 a prime number?
True
Is 3026280373 a prime number?
True
Is 589880017 composite?
False
Is 160711957277 a composite number?
True
Is 2142120133 a prime number?
False
Is 15576261265 a prime number?
False
Is 1024285846 composite?
True
Is 12868394863 composite?
False
Is 13836418649 composite?
False
Is 4089911227 a prime number?
True
Is 14931009683 a prime number?
False
Is 133829166481 a composite number?
True
Is 1273836121 composite?
True
Is 9288222101 a composite number?
True
Is 121639135 a composite number?
True
Is 21967002871 a prime number?
False
Is 279158401 a composite number?
True
Is 1050304889 prime?
False
Is 53649924431 a prime number?
True
Is 10063978609 prime?
True
Is 1136219531 prime?
False
Is 352218241 prime?
True
Is 71069980259 a prime number?
False
Is 8870806163 prime?
False
Is 37663585793 composite?
True
Is 23180543543 a composite number?
False
Is 92146279 a composite number?
False
Is 88067257 composite?
True
Is 1929252649 prime?
False
Is 1278633659 prime?
False
Is 2079822971 a prime number?
True
Is 2072342685